{"id":13128,"date":"2023-12-20T10:02:52","date_gmt":"2023-12-20T09:02:52","guid":{"rendered":"https:\/\/cptsdracenie.fr\/?page_id=13128"},"modified":"2023-12-20T10:44:16","modified_gmt":"2023-12-20T09:44:16","slug":"fiche-dinformation-psychotropes-dr-helene-verdoux","status":"publish","type":"page","link":"https:\/\/cptsdracenie.fr\/index.php\/mission-de-sante\/parcours-de-soins\/sante-mentale-en-dracenie\/fiche-dinformation-psychotropes-dr-helene-verdoux\/","title":{"rendered":"Fiche d&rsquo;information psychotropes Dr H\u00e9l\u00e8ne Verdoux"},"content":{"rendered":"<div data-colibri-id=\"13128-c1\" class=\"style-2667 style-local-13128-c1 position-relative\">\r\n  <!---->\r\n  <div data-colibri-component=\"section\" data-colibri-id=\"13128-c2\" id=\"about\" class=\"h-section h-section-global-spacing d-flex align-items-lg-center align-items-md-center align-items-center style-2668 style-local-13128-c2 position-relative\">\r\n    <!---->\r\n    <!---->\r\n    <div class=\"h-section-grid-container h-section-boxed-container\">\r\n      <!---->\r\n      <div data-colibri-id=\"13128-c3\" class=\"h-row-container gutters-row-lg-0 gutters-row-md-0 gutters-row-0 gutters-row-v-lg-0 gutters-row-v-md-0 gutters-row-v-0 style-2669 style-local-13128-c3 position-relative\">\r\n        <!---->\r\n        <div class=\"h-row justify-content-lg-center justify-content-md-center justify-content-center align-items-lg-stretch align-items-md-stretch align-items-stretch gutters-col-lg-0 gutters-col-md-0 gutters-col-0 gutters-col-v-lg-0 gutters-col-v-md-0 gutters-col-v-0\">\r\n          <!---->\r\n          <div class=\"h-column h-column-container d-flex h-col-lg-auto h-col-md-auto h-col-auto style-2670-outer style-local-13128-c4-outer\">\r\n            <div data-colibri-id=\"13128-c4\" class=\"d-flex h-flex-basis h-column__inner h-px-lg-0 h-px-md-0 h-px-0 v-inner-lg-0 v-inner-md-0 v-inner-0 style-2670 style-local-13128-c4 position-relative\">\r\n              <!---->\r\n              <!---->\r\n              <div class=\"w-100 h-y-container h-column__content h-column__v-align flex-basis-100 align-self-lg-start align-self-md-start align-self-start\">\r\n                <!---->\r\n                <div data-colibri-id=\"13128-c5\" class=\"h-global-transition-all h-heading style-2671 style-local-13128-c5 position-relative h-element\">\r\n                  <!---->\r\n                  <div class=\"h-heading__outer style-2671 style-local-13128-c5\">\r\n                    <!---->\r\n                    <!---->\r\n                    <h5 class=\"\">About us<\/h5>\r\n                  <\/div>\r\n                <\/div>\r\n                <div data-colibri-id=\"13128-c6\" class=\"h-global-transition-all h-heading style-2672 style-local-13128-c6 position-relative h-element\">\r\n                  <!---->\r\n                  <div class=\"h-heading__outer style-2672 style-local-13128-c6\">\r\n                    <!---->\r\n                    <!---->\r\n                    <h2 class=\"\">Les psychotropes<\/h2>\r\n                  <\/div>\r\n                <\/div>\r\n                <div data-colibri-id=\"13128-c7\" class=\"h-text h-text-component style-2673 style-local-13128-c7 position-relative h-element\">\r\n                  <!---->\r\n                  <!---->\r\n                  <div class=\"\">\r\n                    <ul>\r\n                      <li>. antid\u00e9presseurs,<\/li>\r\n                      <li> neuroleptiques (dits aussi antipsychotiques),&nbsp;<\/li>\r\n                      <li> anxiolytiques (tranquillisants), <\/li>\r\n                      <li>hypnotiques (somnif\u00e8res), <\/li>\r\n                      <li> stabilisants de l\u2019humeur (dits aussi r\u00e9gulateurs de l\u2019humeur, thymor\u00e9gulateurs, ou parfois normothymiques).<\/li>\r\n                    <\/ul>\r\n                  <\/div>\r\n                <\/div>\r\n                <div data-colibri-id=\"13128-c21\" class=\"h-x-container style-2687 style-local-13128-c21 position-relative h-element\">\r\n                  <!---->\r\n                  <div class=\"h-x-container-inner style-dynamic-13128-c21-group style-2687-spacing style-local-13128-c21-spacing\"><span class=\"h-button__outer style-2688-outer style-local-13128-c22-outer d-inline-flex h-element\"><a h-use-smooth-scroll=\"true\" href=\"https:\/\/www.psycom.org\/wp-content\/uploads\/2023\/09\/PSYCOM_Brochures-A5_MP_med-psychotropes_WEB.pdf\"  data-colibri-id=\"13128-c22\" class=\"d-flex w-100 align-items-center h-button justify-content-lg-center justify-content-md-center justify-content-center style-2688 style-local-13128-c22 position-relative\"><!----><!----> <span>Brochure PSYCOM psychotropes<\/span><\/a>\r\n                    <\/span>\r\n                  <\/div>\r\n                <\/div>\r\n              <\/div>\r\n            <\/div>\r\n          <\/div>\r\n          <div class=\"h-column h-column-container d-flex h-col-lg-auto h-col-md-auto h-col-auto style-2674-outer style-local-13128-c8-outer\">\r\n            <div data-colibri-id=\"13128-c8\" class=\"d-flex h-flex-basis h-column__inner h-px-lg-0 h-px-md-0 h-px-0 v-inner-lg-0 v-inner-md-0 v-inner-0 style-2674 style-local-13128-c8 position-relative\">\r\n              <!---->\r\n              <!---->\r\n              <div class=\"w-100 h-y-container h-column__content h-column__v-align flex-basis-100 align-self-lg-center align-self-md-center align-self-start\">\r\n                <!---->\r\n                <div data-colibri-component=\"video\" data-colibri-id=\"13128-c9\" class=\"d-block h-video d-block h-video style-2675 style-local-13128-c9 position-relative h-element\">\r\n                  <!---->\r\n                  <div class=\"video-poster\" style=\"background-image: url(&quot;https:\/\/cptsdracenie.fr\/wp-content\/uploads\/2023\/12\/cropped-Substance-psychotrope.jpg&quot;);\">\r\n                    <div class=\"poster-container\">\r\n                      <div data-colibri-id=\"13128-c10\" class=\"h-icon style-2676 style-local-13128-c10 position-relative h-element\">\r\n                        <!----><span class=\"h-svg-icon h-icon__icon style-2676-icon style-local-13128-c10-icon\"><!--Icon by Icons8 Line Awesome (https:\/\/icons8.com\/line-awesome)--><svg version=\"1.1\" xmlns=\"http:\/\/www.w3.org\/2000\/svg\" xmlns:xlink=\"http:\/\/www.w3.org\/1999\/xlink\" id=\"play-circle\" viewBox=\"0 0 512 545.5\"><path d=\"M256 96c105.85 0 192 86.15 192 192s-86.15 192-192 192S64 393.85 64 288 150.15 96 256 96zm0 32c-88.555 0-160 71.445-160 160s71.445 160 160 160 160-71.445 160-160-71.445-160-160-160zm-64 50l24 14 144 82 24 14-24 14-144 82-24 14V178zm32 55v110l95.5-55z\"><\/path><\/svg><\/span><\/div>\r\n                    <\/div>\r\n                  <\/div>\r\n                  <div class=\"video-container position-relative\">\r\n                    <div class=\"h-global-transition-all ratio-inner\"><video class='h-video-main' controls ><source src=https:\/\/cptsdracenie.fr\/wp-content\/uploads\/2023\/12\/Substance-psychotrope.jpg type='video\/mp4' \/><\/video><\/div>\r\n                  <\/div>\r\n                <\/div>\r\n              <\/div>\r\n            <\/div>\r\n          <\/div>\r\n        <\/div>\r\n      <\/div>\r\n      <div data-colibri-id=\"13128-c11\" class=\"h-row-container gutters-row-lg-2 gutters-row-md-2 gutters-row-0 gutters-row-v-lg-2 gutters-row-v-md-2 gutters-row-v-2 style-2677 style-local-13128-c11 position-relative\">\r\n        <!---->\r\n        <div class=\"h-row justify-content-lg-center justify-content-md-center justify-content-center align-items-lg-stretch align-items-md-stretch align-items-stretch gutters-col-lg-2 gutters-col-md-2 gutters-col-0 gutters-col-v-lg-2 gutters-col-v-md-2 gutters-col-v-2\">\r\n          <!---->\r\n          <div class=\"h-column h-column-container d-flex h-col-lg-auto h-col-md-auto h-col-auto style-2678-outer style-local-13128-c12-outer\">\r\n            <div data-colibri-id=\"13128-c12\" class=\"d-flex h-flex-basis h-column__inner h-px-lg-2 h-px-md-2 h-px-2 v-inner-lg-2 v-inner-md-2 v-inner-2 style-2678 style-local-13128-c12 position-relative\">\r\n              <!---->\r\n              <!---->\r\n              <div class=\"w-100 h-y-container h-column__content h-column__v-align flex-basis-100 align-self-lg-start align-self-md-start align-self-start\">\r\n                <!---->\r\n                <div data-colibri-id=\"13128-c13\" class=\"h-x-container style-2679 style-local-13128-c13 position-relative h-element\">\r\n                  <!---->\r\n                  <div class=\"h-x-container-inner style-dynamic-13128-c13-group style-2679-spacing style-local-13128-c13-spacing\"><span class=\"h-link__outer style-2680-outer style-local-13128-c14-outer d-inline-flex h-element\"><a h-use-smooth-scroll=\"true\" href=\"https:\/\/cptsdracenie.fr\/wp-content\/uploads\/2023\/12\/Fiche-psychotrope-contraception.pdf\"  data-colibri-id=\"13128-c14\" class=\"d-flex w-100 align-items-center h-link style-2680 style-local-13128-c14 position-relative\"><!----><!----> <span>Fiche psychotrope &#8211; contraception<\/span><\/a>\r\n                    <\/span><span class=\"h-link__outer style-2680-outer style-local-13128-c15-outer d-inline-flex h-element\"><a h-use-smooth-scroll=\"true\" href=\"https:\/\/cptsdracenie.fr\/wp-content\/uploads\/2023\/12\/Fiche-psychotrope-charge-anticholinergique.pdf\"  data-colibri-id=\"13128-c15\" class=\"d-flex w-100 align-items-center h-link style-2680 style-local-13128-c15 position-relative\"><!----><!----> <span>Fiche psychotrope &#8211; charge anticholinergique<\/span><\/a>\r\n                    <\/span><span class=\"h-link__outer style-2680-outer style-local-13128-c16-outer d-inline-flex h-element\"><a h-use-smooth-scroll=\"true\" href=\"https:\/\/cptsdracenie.fr\/wp-content\/uploads\/2023\/12\/Fiche-psychotrope-enuresie.pdf\"  data-colibri-id=\"13128-c16\" class=\"d-flex w-100 align-items-center h-link style-2680 style-local-13128-c16 position-relative\"><!----><!----> <span>Fiche psychotrope &#8211; \u00e9nur\u00e9sie<\/span><\/a>\r\n                    <\/span><span class=\"h-link__outer style-2680-outer style-local-13128-c17-outer d-inline-flex h-element\"><a h-use-smooth-scroll=\"true\" href=\"https:\/\/cptsdracenie.fr\/wp-content\/uploads\/2023\/12\/Fiche-psychotrope-observance.pdf\"  data-colibri-id=\"13128-c17\" class=\"d-flex w-100 align-items-center h-link style-2680 style-local-13128-c17 position-relative\"><!----><!----> <span>Fiche psychotrope &#8211; observance<\/span><\/a>\r\n                    <\/span><span class=\"h-link__outer style-2680-outer style-local-13128-c18-outer d-inline-flex h-element\"><a h-use-smooth-scroll=\"true\" href=\"https:\/\/cptsdracenie.fr\/wp-content\/uploads\/2023\/12\/Fiche-psychotropes-cafeine.pdf\"  data-colibri-id=\"13128-c18\" class=\"d-flex w-100 align-items-center h-link style-2680 style-local-13128-c18 position-relative\"><!----><!----> <span>Fiche psychotropes &#8211; cafeine<\/span><\/a>\r\n                    <\/span><span class=\"h-link__outer style-2680-outer style-local-13128-c19-outer d-inline-flex h-element\"><a h-use-smooth-scroll=\"true\" href=\"https:\/\/cptsdracenie.fr\/wp-content\/uploads\/2023\/12\/Fiche-psychotrope-peau-et-cheveux.pdf\"  data-colibri-id=\"13128-c19\" class=\"d-flex w-100 align-items-center h-link style-2680 style-local-13128-c19 position-relative\"><!----><!----> <span>Fiche psychotrope &#8211; peau et cheveux<\/span><\/a>\r\n                    <\/span>\r\n                  <\/div>\r\n                <\/div>\r\n              <\/div>\r\n            <\/div>\r\n          <\/div>\r\n        <\/div>\r\n      <\/div>\r\n    <\/div>\r\n  <\/div>\r\n<\/div>","protected":false},"excerpt":{"rendered":"<p>About us Les psychotropes . antid\u00e9presseurs, neuroleptiques (dits aussi antipsychotiques),&nbsp; anxiolytiques (tranquillisants), hypnotiques (somnif\u00e8res), stabilisants de l\u2019humeur (dits aussi r\u00e9gulateurs de l\u2019humeur, thymor\u00e9gulateurs, ou parfois normothymiques). Brochure PSYCOM psychotropes Fiche psychotrope &#8211; contraception Fiche psychotrope &#8211; charge anticholinergique Fiche psychotrope &#8211; \u00e9nur\u00e9sie Fiche psychotrope &#8211; observance Fiche psychotropes &#8211; cafeine Fiche psychotrope &#8211; peau et [&hellip;]<\/p>\n","protected":false},"author":4,"featured_media":13084,"parent":11385,"menu_order":4,"comment_status":"closed","ping_status":"closed","template":"page-templates\/full-width-page.php","meta":{"footnotes":""},"class_list":["post-13128","page","type-page","status-publish","has-post-thumbnail","hentry"],"yoast_head":"<!-- This site is optimized with the Yoast SEO plugin v27.3 - https:\/\/yoast.com\/product\/yoast-seo-wordpress\/ -->\n<title>Fiche d&#039;information psychotropes Dr H\u00e9l\u00e8ne Verdoux &#8211; Communaut\u00e9 Professionnelle Territoriale de Sant\u00e9 Drac\u00e9nie Provence Verdon<\/title>\n<meta name=\"description\" content=\"sant\u00e9 mentale, prescription de psychotropes, effets ind\u00e9sirables et vigilance lors de la prescription initiale ou de renouvellement\" \/>\n<meta name=\"robots\" content=\"index, follow, max-snippet:-1, max-image-preview:large, max-video-preview:-1\" \/>\n<link rel=\"canonical\" href=\"https:\/\/cptsdracenie.fr\/index.php\/mission-de-sante\/parcours-de-soins\/sante-mentale-en-dracenie\/fiche-dinformation-psychotropes-dr-helene-verdoux\/\" \/>\n<meta property=\"og:locale\" content=\"fr_FR\" \/>\n<meta property=\"og:type\" content=\"article\" \/>\n<meta property=\"og:title\" content=\"Fiche d&#039;information psychotropes Dr H\u00e9l\u00e8ne Verdoux &#8211; Communaut\u00e9 Professionnelle Territoriale de Sant\u00e9 Drac\u00e9nie Provence Verdon\" \/>\n<meta property=\"og:description\" content=\"sant\u00e9 mentale, prescription de psychotropes, effets ind\u00e9sirables et vigilance lors de la prescription initiale ou de renouvellement\" \/>\n<meta property=\"og:url\" content=\"https:\/\/cptsdracenie.fr\/index.php\/mission-de-sante\/parcours-de-soins\/sante-mentale-en-dracenie\/fiche-dinformation-psychotropes-dr-helene-verdoux\/\" \/>\n<meta property=\"og:site_name\" content=\"Communaut\u00e9 Professionnelle Territoriale de Sant\u00e9 Drac\u00e9nie Provence Verdon\" \/>\n<meta property=\"article:publisher\" content=\"https:\/\/www.facebook.com\/CPTSDPV\/\" \/>\n<meta property=\"article:modified_time\" content=\"2023-12-20T09:44:16+00:00\" \/>\n<meta property=\"og:image\" content=\"https:\/\/cptsdracenie.fr\/wp-content\/uploads\/2023\/09\/cropped-cropped-cropped-Beauty-Retail-Loyalty-Card-in-Ash-Grey-Brown-Photo-centric-Style-1-1.png\" \/>\n\t<meta property=\"og:image:width\" content=\"387\" \/>\n\t<meta property=\"og:image:height\" content=\"581\" \/>\n\t<meta property=\"og:image:type\" content=\"image\/png\" \/>\n<meta name=\"twitter:card\" content=\"summary_large_image\" \/>\n<meta name=\"twitter:label1\" content=\"Dur\u00e9e de lecture estim\u00e9e\" \/>\n\t<meta name=\"twitter:data1\" content=\"1 minute\" \/>\n<script type=\"application\/ld+json\" class=\"yoast-schema-graph\">{\"@context\":\"https:\\\/\\\/schema.org\",\"@graph\":[{\"@type\":\"WebPage\",\"@id\":\"https:\\\/\\\/cptsdracenie.fr\\\/index.php\\\/mission-de-sante\\\/parcours-de-soins\\\/sante-mentale-en-dracenie\\\/fiche-dinformation-psychotropes-dr-helene-verdoux\\\/\",\"url\":\"https:\\\/\\\/cptsdracenie.fr\\\/index.php\\\/mission-de-sante\\\/parcours-de-soins\\\/sante-mentale-en-dracenie\\\/fiche-dinformation-psychotropes-dr-helene-verdoux\\\/\",\"name\":\"Fiche d'information psychotropes Dr H\u00e9l\u00e8ne Verdoux &#8211; Communaut\u00e9 Professionnelle Territoriale de Sant\u00e9 Drac\u00e9nie Provence Verdon\",\"isPartOf\":{\"@id\":\"https:\\\/\\\/cptsdracenie.fr\\\/#website\"},\"primaryImageOfPage\":{\"@id\":\"https:\\\/\\\/cptsdracenie.fr\\\/index.php\\\/mission-de-sante\\\/parcours-de-soins\\\/sante-mentale-en-dracenie\\\/fiche-dinformation-psychotropes-dr-helene-verdoux\\\/#primaryimage\"},\"image\":{\"@id\":\"https:\\\/\\\/cptsdracenie.fr\\\/index.php\\\/mission-de-sante\\\/parcours-de-soins\\\/sante-mentale-en-dracenie\\\/fiche-dinformation-psychotropes-dr-helene-verdoux\\\/#primaryimage\"},\"thumbnailUrl\":\"https:\\\/\\\/cptsdracenie.fr\\\/wp-content\\\/uploads\\\/2023\\\/09\\\/cropped-cropped-cropped-Beauty-Retail-Loyalty-Card-in-Ash-Grey-Brown-Photo-centric-Style-1-1.png\",\"datePublished\":\"2023-12-20T09:02:52+00:00\",\"dateModified\":\"2023-12-20T09:44:16+00:00\",\"description\":\"sant\u00e9 mentale, prescription de psychotropes, effets ind\u00e9sirables et vigilance lors de la prescription initiale ou de renouvellement\",\"breadcrumb\":{\"@id\":\"https:\\\/\\\/cptsdracenie.fr\\\/index.php\\\/mission-de-sante\\\/parcours-de-soins\\\/sante-mentale-en-dracenie\\\/fiche-dinformation-psychotropes-dr-helene-verdoux\\\/#breadcrumb\"},\"inLanguage\":\"fr-FR\",\"potentialAction\":[{\"@type\":\"ReadAction\",\"target\":[\"https:\\\/\\\/cptsdracenie.fr\\\/index.php\\\/mission-de-sante\\\/parcours-de-soins\\\/sante-mentale-en-dracenie\\\/fiche-dinformation-psychotropes-dr-helene-verdoux\\\/\"]}]},{\"@type\":\"ImageObject\",\"inLanguage\":\"fr-FR\",\"@id\":\"https:\\\/\\\/cptsdracenie.fr\\\/index.php\\\/mission-de-sante\\\/parcours-de-soins\\\/sante-mentale-en-dracenie\\\/fiche-dinformation-psychotropes-dr-helene-verdoux\\\/#primaryimage\",\"url\":\"https:\\\/\\\/cptsdracenie.fr\\\/wp-content\\\/uploads\\\/2023\\\/09\\\/cropped-cropped-cropped-Beauty-Retail-Loyalty-Card-in-Ash-Grey-Brown-Photo-centric-Style-1-1.png\",\"contentUrl\":\"https:\\\/\\\/cptsdracenie.fr\\\/wp-content\\\/uploads\\\/2023\\\/09\\\/cropped-cropped-cropped-Beauty-Retail-Loyalty-Card-in-Ash-Grey-Brown-Photo-centric-Style-1-1.png\",\"width\":387,\"height\":581},{\"@type\":\"BreadcrumbList\",\"@id\":\"https:\\\/\\\/cptsdracenie.fr\\\/index.php\\\/mission-de-sante\\\/parcours-de-soins\\\/sante-mentale-en-dracenie\\\/fiche-dinformation-psychotropes-dr-helene-verdoux\\\/#breadcrumb\",\"itemListElement\":[{\"@type\":\"ListItem\",\"position\":1,\"name\":\"Accueil\",\"item\":\"https:\\\/\\\/cptsdracenie.fr\\\/\"},{\"@type\":\"ListItem\",\"position\":2,\"name\":\"Missions de sant\u00e9\",\"item\":\"https:\\\/\\\/cptsdracenie.fr\\\/index.php\\\/mission-de-sante\\\/\"},{\"@type\":\"ListItem\",\"position\":3,\"name\":\"Parcours de soins\",\"item\":\"https:\\\/\\\/cptsdracenie.fr\\\/index.php\\\/mission-de-sante\\\/parcours-de-soins\\\/\"},{\"@type\":\"ListItem\",\"position\":4,\"name\":\"Sant\u00e9 mentale en drac\u00e9nie\",\"item\":\"https:\\\/\\\/cptsdracenie.fr\\\/index.php\\\/mission-de-sante\\\/parcours-de-soins\\\/sante-mentale-en-dracenie\\\/\"},{\"@type\":\"ListItem\",\"position\":5,\"name\":\"Fiche d&#8217;information psychotropes Dr H\u00e9l\u00e8ne Verdoux\"}]},{\"@type\":\"WebSite\",\"@id\":\"https:\\\/\\\/cptsdracenie.fr\\\/#website\",\"url\":\"https:\\\/\\\/cptsdracenie.fr\\\/\",\"name\":\"CPTS DPV\",\"description\":\" CPTS Drac\u00e9nie Provence Verdon\",\"publisher\":{\"@id\":\"https:\\\/\\\/cptsdracenie.fr\\\/#organization\"},\"potentialAction\":[{\"@type\":\"SearchAction\",\"target\":{\"@type\":\"EntryPoint\",\"urlTemplate\":\"https:\\\/\\\/cptsdracenie.fr\\\/?s={search_term_string}\"},\"query-input\":{\"@type\":\"PropertyValueSpecification\",\"valueRequired\":true,\"valueName\":\"search_term_string\"}}],\"inLanguage\":\"fr-FR\"},{\"@type\":\"Organization\",\"@id\":\"https:\\\/\\\/cptsdracenie.fr\\\/#organization\",\"name\":\"CPTS Drac\u00e9nie-Provence-Verdon\",\"url\":\"https:\\\/\\\/cptsdracenie.fr\\\/\",\"logo\":{\"@type\":\"ImageObject\",\"inLanguage\":\"fr-FR\",\"@id\":\"https:\\\/\\\/cptsdracenie.fr\\\/#\\\/schema\\\/logo\\\/image\\\/\",\"url\":\"https:\\\/\\\/cptsdracenie.fr\\\/wp-content\\\/uploads\\\/2020\\\/01\\\/CPTS-version-2-blanc.png\",\"contentUrl\":\"https:\\\/\\\/cptsdracenie.fr\\\/wp-content\\\/uploads\\\/2020\\\/01\\\/CPTS-version-2-blanc.png\",\"width\":200,\"height\":200,\"caption\":\"CPTS Drac\u00e9nie-Provence-Verdon\"},\"image\":{\"@id\":\"https:\\\/\\\/cptsdracenie.fr\\\/#\\\/schema\\\/logo\\\/image\\\/\"},\"sameAs\":[\"https:\\\/\\\/www.facebook.com\\\/CPTSDPV\\\/\",\"https:\\\/\\\/www.linkedin.com\\\/company\\\/cpts-drac\u00e9nie-provence-verdon\\\/\"]}]}<\/script>\n<!-- \/ Yoast SEO plugin. -->","yoast_head_json":{"title":"Fiche d'information psychotropes Dr H\u00e9l\u00e8ne Verdoux &#8211; Communaut\u00e9 Professionnelle Territoriale de Sant\u00e9 Drac\u00e9nie Provence Verdon","description":"sant\u00e9 mentale, prescription de psychotropes, effets ind\u00e9sirables et vigilance lors de la prescription initiale ou de renouvellement","robots":{"index":"index","follow":"follow","max-snippet":"max-snippet:-1","max-image-preview":"max-image-preview:large","max-video-preview":"max-video-preview:-1"},"canonical":"https:\/\/cptsdracenie.fr\/index.php\/mission-de-sante\/parcours-de-soins\/sante-mentale-en-dracenie\/fiche-dinformation-psychotropes-dr-helene-verdoux\/","og_locale":"fr_FR","og_type":"article","og_title":"Fiche d'information psychotropes Dr H\u00e9l\u00e8ne Verdoux &#8211; Communaut\u00e9 Professionnelle Territoriale de Sant\u00e9 Drac\u00e9nie Provence Verdon","og_description":"sant\u00e9 mentale, prescription de psychotropes, effets ind\u00e9sirables et vigilance lors de la prescription initiale ou de renouvellement","og_url":"https:\/\/cptsdracenie.fr\/index.php\/mission-de-sante\/parcours-de-soins\/sante-mentale-en-dracenie\/fiche-dinformation-psychotropes-dr-helene-verdoux\/","og_site_name":"Communaut\u00e9 Professionnelle Territoriale de Sant\u00e9 Drac\u00e9nie Provence Verdon","article_publisher":"https:\/\/www.facebook.com\/CPTSDPV\/","article_modified_time":"2023-12-20T09:44:16+00:00","og_image":[{"width":387,"height":581,"url":"https:\/\/cptsdracenie.fr\/wp-content\/uploads\/2023\/09\/cropped-cropped-cropped-Beauty-Retail-Loyalty-Card-in-Ash-Grey-Brown-Photo-centric-Style-1-1.png","type":"image\/png"}],"twitter_card":"summary_large_image","twitter_misc":{"Dur\u00e9e de lecture estim\u00e9e":"1 minute"},"schema":{"@context":"https:\/\/schema.org","@graph":[{"@type":"WebPage","@id":"https:\/\/cptsdracenie.fr\/index.php\/mission-de-sante\/parcours-de-soins\/sante-mentale-en-dracenie\/fiche-dinformation-psychotropes-dr-helene-verdoux\/","url":"https:\/\/cptsdracenie.fr\/index.php\/mission-de-sante\/parcours-de-soins\/sante-mentale-en-dracenie\/fiche-dinformation-psychotropes-dr-helene-verdoux\/","name":"Fiche d'information psychotropes Dr H\u00e9l\u00e8ne Verdoux &#8211; Communaut\u00e9 Professionnelle Territoriale de Sant\u00e9 Drac\u00e9nie Provence Verdon","isPartOf":{"@id":"https:\/\/cptsdracenie.fr\/#website"},"primaryImageOfPage":{"@id":"https:\/\/cptsdracenie.fr\/index.php\/mission-de-sante\/parcours-de-soins\/sante-mentale-en-dracenie\/fiche-dinformation-psychotropes-dr-helene-verdoux\/#primaryimage"},"image":{"@id":"https:\/\/cptsdracenie.fr\/index.php\/mission-de-sante\/parcours-de-soins\/sante-mentale-en-dracenie\/fiche-dinformation-psychotropes-dr-helene-verdoux\/#primaryimage"},"thumbnailUrl":"https:\/\/cptsdracenie.fr\/wp-content\/uploads\/2023\/09\/cropped-cropped-cropped-Beauty-Retail-Loyalty-Card-in-Ash-Grey-Brown-Photo-centric-Style-1-1.png","datePublished":"2023-12-20T09:02:52+00:00","dateModified":"2023-12-20T09:44:16+00:00","description":"sant\u00e9 mentale, prescription de psychotropes, effets ind\u00e9sirables et vigilance lors de la prescription initiale ou de renouvellement","breadcrumb":{"@id":"https:\/\/cptsdracenie.fr\/index.php\/mission-de-sante\/parcours-de-soins\/sante-mentale-en-dracenie\/fiche-dinformation-psychotropes-dr-helene-verdoux\/#breadcrumb"},"inLanguage":"fr-FR","potentialAction":[{"@type":"ReadAction","target":["https:\/\/cptsdracenie.fr\/index.php\/mission-de-sante\/parcours-de-soins\/sante-mentale-en-dracenie\/fiche-dinformation-psychotropes-dr-helene-verdoux\/"]}]},{"@type":"ImageObject","inLanguage":"fr-FR","@id":"https:\/\/cptsdracenie.fr\/index.php\/mission-de-sante\/parcours-de-soins\/sante-mentale-en-dracenie\/fiche-dinformation-psychotropes-dr-helene-verdoux\/#primaryimage","url":"https:\/\/cptsdracenie.fr\/wp-content\/uploads\/2023\/09\/cropped-cropped-cropped-Beauty-Retail-Loyalty-Card-in-Ash-Grey-Brown-Photo-centric-Style-1-1.png","contentUrl":"https:\/\/cptsdracenie.fr\/wp-content\/uploads\/2023\/09\/cropped-cropped-cropped-Beauty-Retail-Loyalty-Card-in-Ash-Grey-Brown-Photo-centric-Style-1-1.png","width":387,"height":581},{"@type":"BreadcrumbList","@id":"https:\/\/cptsdracenie.fr\/index.php\/mission-de-sante\/parcours-de-soins\/sante-mentale-en-dracenie\/fiche-dinformation-psychotropes-dr-helene-verdoux\/#breadcrumb","itemListElement":[{"@type":"ListItem","position":1,"name":"Accueil","item":"https:\/\/cptsdracenie.fr\/"},{"@type":"ListItem","position":2,"name":"Missions de sant\u00e9","item":"https:\/\/cptsdracenie.fr\/index.php\/mission-de-sante\/"},{"@type":"ListItem","position":3,"name":"Parcours de soins","item":"https:\/\/cptsdracenie.fr\/index.php\/mission-de-sante\/parcours-de-soins\/"},{"@type":"ListItem","position":4,"name":"Sant\u00e9 mentale en drac\u00e9nie","item":"https:\/\/cptsdracenie.fr\/index.php\/mission-de-sante\/parcours-de-soins\/sante-mentale-en-dracenie\/"},{"@type":"ListItem","position":5,"name":"Fiche d&#8217;information psychotropes Dr H\u00e9l\u00e8ne Verdoux"}]},{"@type":"WebSite","@id":"https:\/\/cptsdracenie.fr\/#website","url":"https:\/\/cptsdracenie.fr\/","name":"CPTS DPV","description":" CPTS Drac\u00e9nie Provence Verdon","publisher":{"@id":"https:\/\/cptsdracenie.fr\/#organization"},"potentialAction":[{"@type":"SearchAction","target":{"@type":"EntryPoint","urlTemplate":"https:\/\/cptsdracenie.fr\/?s={search_term_string}"},"query-input":{"@type":"PropertyValueSpecification","valueRequired":true,"valueName":"search_term_string"}}],"inLanguage":"fr-FR"},{"@type":"Organization","@id":"https:\/\/cptsdracenie.fr\/#organization","name":"CPTS Drac\u00e9nie-Provence-Verdon","url":"https:\/\/cptsdracenie.fr\/","logo":{"@type":"ImageObject","inLanguage":"fr-FR","@id":"https:\/\/cptsdracenie.fr\/#\/schema\/logo\/image\/","url":"https:\/\/cptsdracenie.fr\/wp-content\/uploads\/2020\/01\/CPTS-version-2-blanc.png","contentUrl":"https:\/\/cptsdracenie.fr\/wp-content\/uploads\/2020\/01\/CPTS-version-2-blanc.png","width":200,"height":200,"caption":"CPTS Drac\u00e9nie-Provence-Verdon"},"image":{"@id":"https:\/\/cptsdracenie.fr\/#\/schema\/logo\/image\/"},"sameAs":["https:\/\/www.facebook.com\/CPTSDPV\/","https:\/\/www.linkedin.com\/company\/cpts-drac\u00e9nie-provence-verdon\/"]}]}},"_links":{"self":[{"href":"https:\/\/cptsdracenie.fr\/index.php\/wp-json\/wp\/v2\/pages\/13128","targetHints":{"allow":["GET"]}}],"collection":[{"href":"https:\/\/cptsdracenie.fr\/index.php\/wp-json\/wp\/v2\/pages"}],"about":[{"href":"https:\/\/cptsdracenie.fr\/index.php\/wp-json\/wp\/v2\/types\/page"}],"author":[{"embeddable":true,"href":"https:\/\/cptsdracenie.fr\/index.php\/wp-json\/wp\/v2\/users\/4"}],"replies":[{"embeddable":true,"href":"https:\/\/cptsdracenie.fr\/index.php\/wp-json\/wp\/v2\/comments?post=13128"}],"version-history":[{"count":4,"href":"https:\/\/cptsdracenie.fr\/index.php\/wp-json\/wp\/v2\/pages\/13128\/revisions"}],"predecessor-version":[{"id":13155,"href":"https:\/\/cptsdracenie.fr\/index.php\/wp-json\/wp\/v2\/pages\/13128\/revisions\/13155"}],"up":[{"embeddable":true,"href":"https:\/\/cptsdracenie.fr\/index.php\/wp-json\/wp\/v2\/pages\/11385"}],"wp:featuredmedia":[{"embeddable":true,"href":"https:\/\/cptsdracenie.fr\/index.php\/wp-json\/wp\/v2\/media\/13084"}],"wp:attachment":[{"href":"https:\/\/cptsdracenie.fr\/index.php\/wp-json\/wp\/v2\/media?parent=13128"}],"curies":[{"name":"wp","href":"https:\/\/api.w.org\/{rel}","templated":true}]}}