{"id":3271,"date":"2022-08-18T10:01:47","date_gmt":"2022-08-18T08:01:47","guid":{"rendered":"https:\/\/cptsdracenie.fr\/?page_id=3271"},"modified":"2023-06-19T09:44:23","modified_gmt":"2023-06-19T07:44:23","slug":"personnes-agees-maltraitees-que-faire","status":"publish","type":"page","link":"https:\/\/cptsdracenie.fr\/index.php\/mission-de-sante\/groupe-de-travail-prevention\/personnes-agees-maltraitees-que-faire\/","title":{"rendered":"Personnes \u00e2g\u00e9es maltrait\u00e9es, que faire ?"},"content":{"rendered":"\n<p><\/p>\n\n\n<div class=\"wp-block-image\">\n<figure class=\"aligncenter size-full\"><img loading=\"lazy\" decoding=\"async\" width=\"419\" height=\"198\" src=\"https:\/\/cptsdracenie.fr\/wp-content\/uploads\/2022\/08\/Capture-decran-2022-08-18-104422.jpg\" alt=\"\" class=\"wp-image-3291\" srcset=\"https:\/\/cptsdracenie.fr\/wp-content\/uploads\/2022\/08\/Capture-decran-2022-08-18-104422.jpg 419w, https:\/\/cptsdracenie.fr\/wp-content\/uploads\/2022\/08\/Capture-decran-2022-08-18-104422-300x142.jpg 300w\" sizes=\"auto, (max-width: 419px) 100vw, 419px\" \/><figcaption class=\"wp-element-caption\"><em>Sour<\/em>ce : https:\/\/3977.fr\/ <\/figcaption><\/figure>\n<\/div>\n\n\n<p><br><strong>La personne \u00e2g\u00e9e victime de maltraitance peut faire un signalement<\/strong>, peu importe son lieu de r\u00e9sidence.<\/p>\n\n\n\n<p>Il en est de m\u00eame pour toute personne \u00e9tant t\u00e9moin ou inform\u00e9e d&rsquo;une situation de maltraitance d&rsquo;une personne \u00e2g\u00e9e. <\/p>\n\n\n\n<p>Si le t\u00e9moin a connaissance de la maltraitance dans le cadre de son travail et qu&rsquo;il est soumis au secret professionnel, il devra tout de m\u00eame faire un signalement <strong>mais selon des r\u00e8gles particuli\u00e8res<\/strong>, en fonction du lieu de travail <em>(Maisons de retraite\/H\u00f4pitaux&#8230;).<\/em> <\/p>\n\n\n\n<p>Pour plus d&rsquo;informations, rendez-vous sur le lien suivant : <a href=\"https:\/\/www.service-public.fr\/particuliers\/vosdroits\/F861\">Maltraitance d&rsquo;une personne \u00e2g\u00e9e&nbsp;: que faire ? | Service-public.fr<\/a><\/p>\n\n\n\n<div data-wp-interactive=\"core\/file\" class=\"wp-block-file\"><object data-wp-bind--hidden=\"!state.hasPdfPreview\" hidden class=\"wp-block-file__embed\" data=\"https:\/\/cptsdracenie.fr\/wp-content\/uploads\/2022\/08\/Charte-des-droits-de-la-personne-agee-ou-handicapee.pdf\" type=\"application\/pdf\" style=\"width:100%;height:600px\" aria-label=\"Contenu embarqu\u00e9 Charte-des-droits-de-la-personne-agee-ou-handicapee.\"><\/object><a id=\"wp-block-file--media-cc52916c-ddc5-48d8-9c73-ee318008fe87\" href=\"https:\/\/cptsdracenie.fr\/wp-content\/uploads\/2022\/08\/Charte-des-droits-de-la-personne-agee-ou-handicapee.pdf\">Charte-des-droits-de-la-personne-agee-ou-handicapee<\/a><a href=\"https:\/\/cptsdracenie.fr\/wp-content\/uploads\/2022\/08\/Charte-des-droits-de-la-personne-agee-ou-handicapee.pdf\" class=\"wp-block-file__button wp-element-button\" download aria-describedby=\"wp-block-file--media-cc52916c-ddc5-48d8-9c73-ee318008fe87\">T\u00e9l\u00e9charger<\/a><\/div>\n\n\n\n<p>Il est possible d&rsquo;obtenir des conseils en appelant le centre de contact t\u00e9l\u00e9phonique sp\u00e9cialis\u00e9, <strong>au 3977<\/strong>. Ce service est ouvert du lundi au vendredi, de 09h00 \u00e0 19h00.<\/p>\n\n\n\n<h3 class=\"wp-block-heading\"><strong>Comment d\u00e9finir la maltraitance, et comment rep\u00e9rer une telle situation ?<\/strong><\/h3>\n\n\n\n<p>Le Minist\u00e8re des Solidarit\u00e9s, de l&rsquo;Autonomie et des Personnes handicap\u00e9es, a mis en place un kit gratui d&rsquo;e-learning interactif (formation en ligne) et permettra de r\u00e9pondre \u00e0 toutes vos questions sur ce qu&rsquo;est la maltraitance, comment en parler et que faire. <\/p>\n\n\n\n<p><strong>Ce guide vous propose :<\/strong><\/p>\n\n\n\n<ul class=\"wp-block-list\">\n<li>un module de base (s&rsquo;adressant aux professionnels des secteurs sanitaires, social et m\u00e9dico-social, il sensibilise aux ph\u00e9nom\u00e8nes complexes de la maltraitance, aide au rep\u00e9rage, facilite l&rsquo;alerte, le traitement et la pr\u00e9vention des risques et situations de maltraitance envers des personnes en situation de vuln\u00e9rabilit\u00e9),<\/li>\n\n\n\n<li>un module d&rsquo;approfondissement (vise \u00e0 promouvoir aupr\u00e8s des apprenants un accompagnement bientraitant des personnes concern\u00e9es). <\/li>\n<\/ul>\n\n\n\n<p>Guide : <a href=\"https:\/\/solidarites.gouv.fr\/promouvoir-la-bientraitance-pour-prevenir-la-maltraitance-kit-de-formation-en-ligne?amp\">https:\/\/solidarites.gouv.fr\/promouvoir-la-bientraitance-pour-prevenir-la-maltraitance-kit-de-formation-en-ligne?amp<\/a><\/p>\n","protected":false},"excerpt":{"rendered":"<p>La personne \u00e2g\u00e9e victime de maltraitance peut faire un signalement, peu importe son lieu de r\u00e9sidence. Il en est de m\u00eame pour toute personne \u00e9tant t\u00e9moin ou inform\u00e9e d&rsquo;une situation de maltraitance d&rsquo;une personne \u00e2g\u00e9e. Si le t\u00e9moin a connaissance de la maltraitance dans le cadre de son travail et qu&rsquo;il est soumis au secret [&hellip;]<\/p>\n","protected":false},"author":1,"featured_media":0,"parent":85,"menu_order":1,"comment_status":"closed","ping_status":"closed","template":"","meta":{"footnotes":""},"class_list":["post-3271","page","type-page","status-publish","hentry"],"yoast_head":"<!-- This site is optimized with the Yoast SEO plugin v27.4 - https:\/\/yoast.com\/product\/yoast-seo-wordpress\/ -->\n<title>Personnes \u00e2g\u00e9es maltrait\u00e9es, que faire ? &#8211; Communaut\u00e9 Professionnelle Territoriale de Sant\u00e9 Drac\u00e9nie Provence Verdon<\/title>\n<meta name=\"description\" content=\"CPTS Drac\u00e9nie Provence Verdon Draguignan Var M\u00e9decin Acc\u00e8s Soin Parcours\" \/>\n<meta name=\"robots\" content=\"index, follow, max-snippet:-1, max-image-preview:large, max-video-preview:-1\" \/>\n<link rel=\"canonical\" href=\"https:\/\/cptsdracenie.fr\/index.php\/mission-de-sante\/groupe-de-travail-prevention\/personnes-agees-maltraitees-que-faire\/\" \/>\n<meta property=\"og:locale\" content=\"fr_FR\" \/>\n<meta property=\"og:type\" content=\"article\" \/>\n<meta property=\"og:title\" content=\"Personnes \u00e2g\u00e9es maltrait\u00e9es, que faire ? &#8211; Communaut\u00e9 Professionnelle Territoriale de Sant\u00e9 Drac\u00e9nie Provence Verdon\" \/>\n<meta property=\"og:description\" content=\"CPTS Drac\u00e9nie Provence Verdon Draguignan Var M\u00e9decin Acc\u00e8s Soin Parcours\" \/>\n<meta property=\"og:url\" content=\"https:\/\/cptsdracenie.fr\/index.php\/mission-de-sante\/groupe-de-travail-prevention\/personnes-agees-maltraitees-que-faire\/\" \/>\n<meta property=\"og:site_name\" content=\"Communaut\u00e9 Professionnelle Territoriale de Sant\u00e9 Drac\u00e9nie Provence Verdon\" \/>\n<meta property=\"article:publisher\" content=\"https:\/\/www.facebook.com\/CPTSDPV\/\" \/>\n<meta property=\"article:modified_time\" content=\"2023-06-19T07:44:23+00:00\" \/>\n<meta property=\"og:image\" content=\"https:\/\/cptsdracenie.fr\/wp-content\/uploads\/2022\/08\/Capture-decran-2022-08-18-104422.jpg\" \/>\n<meta name=\"twitter:card\" content=\"summary_large_image\" \/>\n<meta name=\"twitter:label1\" content=\"Dur\u00e9e de lecture estim\u00e9e\" \/>\n\t<meta name=\"twitter:data1\" content=\"2 minutes\" \/>\n<script type=\"application\/ld+json\" class=\"yoast-schema-graph\">{\"@context\":\"https:\\\/\\\/schema.org\",\"@graph\":[{\"@type\":\"WebPage\",\"@id\":\"https:\\\/\\\/cptsdracenie.fr\\\/index.php\\\/mission-de-sante\\\/groupe-de-travail-prevention\\\/personnes-agees-maltraitees-que-faire\\\/\",\"url\":\"https:\\\/\\\/cptsdracenie.fr\\\/index.php\\\/mission-de-sante\\\/groupe-de-travail-prevention\\\/personnes-agees-maltraitees-que-faire\\\/\",\"name\":\"Personnes \u00e2g\u00e9es maltrait\u00e9es, que faire ? &#8211; Communaut\u00e9 Professionnelle Territoriale de Sant\u00e9 Drac\u00e9nie Provence Verdon\",\"isPartOf\":{\"@id\":\"https:\\\/\\\/cptsdracenie.fr\\\/#website\"},\"primaryImageOfPage\":{\"@id\":\"https:\\\/\\\/cptsdracenie.fr\\\/index.php\\\/mission-de-sante\\\/groupe-de-travail-prevention\\\/personnes-agees-maltraitees-que-faire\\\/#primaryimage\"},\"image\":{\"@id\":\"https:\\\/\\\/cptsdracenie.fr\\\/index.php\\\/mission-de-sante\\\/groupe-de-travail-prevention\\\/personnes-agees-maltraitees-que-faire\\\/#primaryimage\"},\"thumbnailUrl\":\"https:\\\/\\\/cptsdracenie.fr\\\/wp-content\\\/uploads\\\/2022\\\/08\\\/Capture-decran-2022-08-18-104422.jpg\",\"datePublished\":\"2022-08-18T08:01:47+00:00\",\"dateModified\":\"2023-06-19T07:44:23+00:00\",\"description\":\"CPTS Drac\u00e9nie Provence Verdon Draguignan Var M\u00e9decin Acc\u00e8s Soin Parcours\",\"breadcrumb\":{\"@id\":\"https:\\\/\\\/cptsdracenie.fr\\\/index.php\\\/mission-de-sante\\\/groupe-de-travail-prevention\\\/personnes-agees-maltraitees-que-faire\\\/#breadcrumb\"},\"inLanguage\":\"fr-FR\",\"potentialAction\":[{\"@type\":\"ReadAction\",\"target\":[\"https:\\\/\\\/cptsdracenie.fr\\\/index.php\\\/mission-de-sante\\\/groupe-de-travail-prevention\\\/personnes-agees-maltraitees-que-faire\\\/\"]}]},{\"@type\":\"ImageObject\",\"inLanguage\":\"fr-FR\",\"@id\":\"https:\\\/\\\/cptsdracenie.fr\\\/index.php\\\/mission-de-sante\\\/groupe-de-travail-prevention\\\/personnes-agees-maltraitees-que-faire\\\/#primaryimage\",\"url\":\"https:\\\/\\\/cptsdracenie.fr\\\/wp-content\\\/uploads\\\/2022\\\/08\\\/Capture-decran-2022-08-18-104422.jpg\",\"contentUrl\":\"https:\\\/\\\/cptsdracenie.fr\\\/wp-content\\\/uploads\\\/2022\\\/08\\\/Capture-decran-2022-08-18-104422.jpg\",\"width\":419,\"height\":198},{\"@type\":\"BreadcrumbList\",\"@id\":\"https:\\\/\\\/cptsdracenie.fr\\\/index.php\\\/mission-de-sante\\\/groupe-de-travail-prevention\\\/personnes-agees-maltraitees-que-faire\\\/#breadcrumb\",\"itemListElement\":[{\"@type\":\"ListItem\",\"position\":1,\"name\":\"Accueil\",\"item\":\"https:\\\/\\\/cptsdracenie.fr\\\/\"},{\"@type\":\"ListItem\",\"position\":2,\"name\":\"Missions de sant\u00e9\",\"item\":\"https:\\\/\\\/cptsdracenie.fr\\\/index.php\\\/mission-de-sante\\\/\"},{\"@type\":\"ListItem\",\"position\":3,\"name\":\"Pr\u00e9vention\",\"item\":\"https:\\\/\\\/cptsdracenie.fr\\\/index.php\\\/mission-de-sante\\\/groupe-de-travail-prevention\\\/\"},{\"@type\":\"ListItem\",\"position\":4,\"name\":\"Personnes \u00e2g\u00e9es maltrait\u00e9es, que faire ?\"}]},{\"@type\":\"WebSite\",\"@id\":\"https:\\\/\\\/cptsdracenie.fr\\\/#website\",\"url\":\"https:\\\/\\\/cptsdracenie.fr\\\/\",\"name\":\"CPTS DPV\",\"description\":\" CPTS Drac\u00e9nie Provence Verdon\",\"publisher\":{\"@id\":\"https:\\\/\\\/cptsdracenie.fr\\\/#organization\"},\"potentialAction\":[{\"@type\":\"SearchAction\",\"target\":{\"@type\":\"EntryPoint\",\"urlTemplate\":\"https:\\\/\\\/cptsdracenie.fr\\\/?s={search_term_string}\"},\"query-input\":{\"@type\":\"PropertyValueSpecification\",\"valueRequired\":true,\"valueName\":\"search_term_string\"}}],\"inLanguage\":\"fr-FR\"},{\"@type\":\"Organization\",\"@id\":\"https:\\\/\\\/cptsdracenie.fr\\\/#organization\",\"name\":\"CPTS Drac\u00e9nie-Provence-Verdon\",\"url\":\"https:\\\/\\\/cptsdracenie.fr\\\/\",\"logo\":{\"@type\":\"ImageObject\",\"inLanguage\":\"fr-FR\",\"@id\":\"https:\\\/\\\/cptsdracenie.fr\\\/#\\\/schema\\\/logo\\\/image\\\/\",\"url\":\"https:\\\/\\\/cptsdracenie.fr\\\/wp-content\\\/uploads\\\/2020\\\/01\\\/CPTS-version-2-blanc.png\",\"contentUrl\":\"https:\\\/\\\/cptsdracenie.fr\\\/wp-content\\\/uploads\\\/2020\\\/01\\\/CPTS-version-2-blanc.png\",\"width\":200,\"height\":200,\"caption\":\"CPTS Drac\u00e9nie-Provence-Verdon\"},\"image\":{\"@id\":\"https:\\\/\\\/cptsdracenie.fr\\\/#\\\/schema\\\/logo\\\/image\\\/\"},\"sameAs\":[\"https:\\\/\\\/www.facebook.com\\\/CPTSDPV\\\/\",\"https:\\\/\\\/www.linkedin.com\\\/company\\\/cpts-drac\u00e9nie-provence-verdon\\\/\"]}]}<\/script>\n<!-- \/ Yoast SEO plugin. -->","yoast_head_json":{"title":"Personnes \u00e2g\u00e9es maltrait\u00e9es, que faire ? &#8211; Communaut\u00e9 Professionnelle Territoriale de Sant\u00e9 Drac\u00e9nie Provence Verdon","description":"CPTS Drac\u00e9nie Provence Verdon Draguignan Var M\u00e9decin Acc\u00e8s Soin Parcours","robots":{"index":"index","follow":"follow","max-snippet":"max-snippet:-1","max-image-preview":"max-image-preview:large","max-video-preview":"max-video-preview:-1"},"canonical":"https:\/\/cptsdracenie.fr\/index.php\/mission-de-sante\/groupe-de-travail-prevention\/personnes-agees-maltraitees-que-faire\/","og_locale":"fr_FR","og_type":"article","og_title":"Personnes \u00e2g\u00e9es maltrait\u00e9es, que faire ? &#8211; Communaut\u00e9 Professionnelle Territoriale de Sant\u00e9 Drac\u00e9nie Provence Verdon","og_description":"CPTS Drac\u00e9nie Provence Verdon Draguignan Var M\u00e9decin Acc\u00e8s Soin Parcours","og_url":"https:\/\/cptsdracenie.fr\/index.php\/mission-de-sante\/groupe-de-travail-prevention\/personnes-agees-maltraitees-que-faire\/","og_site_name":"Communaut\u00e9 Professionnelle Territoriale de Sant\u00e9 Drac\u00e9nie Provence Verdon","article_publisher":"https:\/\/www.facebook.com\/CPTSDPV\/","article_modified_time":"2023-06-19T07:44:23+00:00","og_image":[{"url":"https:\/\/cptsdracenie.fr\/wp-content\/uploads\/2022\/08\/Capture-decran-2022-08-18-104422.jpg","type":"","width":"","height":""}],"twitter_card":"summary_large_image","twitter_misc":{"Dur\u00e9e de lecture estim\u00e9e":"2 minutes"},"schema":{"@context":"https:\/\/schema.org","@graph":[{"@type":"WebPage","@id":"https:\/\/cptsdracenie.fr\/index.php\/mission-de-sante\/groupe-de-travail-prevention\/personnes-agees-maltraitees-que-faire\/","url":"https:\/\/cptsdracenie.fr\/index.php\/mission-de-sante\/groupe-de-travail-prevention\/personnes-agees-maltraitees-que-faire\/","name":"Personnes \u00e2g\u00e9es maltrait\u00e9es, que faire ? &#8211; Communaut\u00e9 Professionnelle Territoriale de Sant\u00e9 Drac\u00e9nie Provence Verdon","isPartOf":{"@id":"https:\/\/cptsdracenie.fr\/#website"},"primaryImageOfPage":{"@id":"https:\/\/cptsdracenie.fr\/index.php\/mission-de-sante\/groupe-de-travail-prevention\/personnes-agees-maltraitees-que-faire\/#primaryimage"},"image":{"@id":"https:\/\/cptsdracenie.fr\/index.php\/mission-de-sante\/groupe-de-travail-prevention\/personnes-agees-maltraitees-que-faire\/#primaryimage"},"thumbnailUrl":"https:\/\/cptsdracenie.fr\/wp-content\/uploads\/2022\/08\/Capture-decran-2022-08-18-104422.jpg","datePublished":"2022-08-18T08:01:47+00:00","dateModified":"2023-06-19T07:44:23+00:00","description":"CPTS Drac\u00e9nie Provence Verdon Draguignan Var M\u00e9decin Acc\u00e8s Soin Parcours","breadcrumb":{"@id":"https:\/\/cptsdracenie.fr\/index.php\/mission-de-sante\/groupe-de-travail-prevention\/personnes-agees-maltraitees-que-faire\/#breadcrumb"},"inLanguage":"fr-FR","potentialAction":[{"@type":"ReadAction","target":["https:\/\/cptsdracenie.fr\/index.php\/mission-de-sante\/groupe-de-travail-prevention\/personnes-agees-maltraitees-que-faire\/"]}]},{"@type":"ImageObject","inLanguage":"fr-FR","@id":"https:\/\/cptsdracenie.fr\/index.php\/mission-de-sante\/groupe-de-travail-prevention\/personnes-agees-maltraitees-que-faire\/#primaryimage","url":"https:\/\/cptsdracenie.fr\/wp-content\/uploads\/2022\/08\/Capture-decran-2022-08-18-104422.jpg","contentUrl":"https:\/\/cptsdracenie.fr\/wp-content\/uploads\/2022\/08\/Capture-decran-2022-08-18-104422.jpg","width":419,"height":198},{"@type":"BreadcrumbList","@id":"https:\/\/cptsdracenie.fr\/index.php\/mission-de-sante\/groupe-de-travail-prevention\/personnes-agees-maltraitees-que-faire\/#breadcrumb","itemListElement":[{"@type":"ListItem","position":1,"name":"Accueil","item":"https:\/\/cptsdracenie.fr\/"},{"@type":"ListItem","position":2,"name":"Missions de sant\u00e9","item":"https:\/\/cptsdracenie.fr\/index.php\/mission-de-sante\/"},{"@type":"ListItem","position":3,"name":"Pr\u00e9vention","item":"https:\/\/cptsdracenie.fr\/index.php\/mission-de-sante\/groupe-de-travail-prevention\/"},{"@type":"ListItem","position":4,"name":"Personnes \u00e2g\u00e9es maltrait\u00e9es, que faire ?"}]},{"@type":"WebSite","@id":"https:\/\/cptsdracenie.fr\/#website","url":"https:\/\/cptsdracenie.fr\/","name":"CPTS DPV","description":" CPTS Drac\u00e9nie Provence Verdon","publisher":{"@id":"https:\/\/cptsdracenie.fr\/#organization"},"potentialAction":[{"@type":"SearchAction","target":{"@type":"EntryPoint","urlTemplate":"https:\/\/cptsdracenie.fr\/?s={search_term_string}"},"query-input":{"@type":"PropertyValueSpecification","valueRequired":true,"valueName":"search_term_string"}}],"inLanguage":"fr-FR"},{"@type":"Organization","@id":"https:\/\/cptsdracenie.fr\/#organization","name":"CPTS Drac\u00e9nie-Provence-Verdon","url":"https:\/\/cptsdracenie.fr\/","logo":{"@type":"ImageObject","inLanguage":"fr-FR","@id":"https:\/\/cptsdracenie.fr\/#\/schema\/logo\/image\/","url":"https:\/\/cptsdracenie.fr\/wp-content\/uploads\/2020\/01\/CPTS-version-2-blanc.png","contentUrl":"https:\/\/cptsdracenie.fr\/wp-content\/uploads\/2020\/01\/CPTS-version-2-blanc.png","width":200,"height":200,"caption":"CPTS Drac\u00e9nie-Provence-Verdon"},"image":{"@id":"https:\/\/cptsdracenie.fr\/#\/schema\/logo\/image\/"},"sameAs":["https:\/\/www.facebook.com\/CPTSDPV\/","https:\/\/www.linkedin.com\/company\/cpts-drac\u00e9nie-provence-verdon\/"]}]}},"_links":{"self":[{"href":"https:\/\/cptsdracenie.fr\/index.php\/wp-json\/wp\/v2\/pages\/3271","targetHints":{"allow":["GET"]}}],"collection":[{"href":"https:\/\/cptsdracenie.fr\/index.php\/wp-json\/wp\/v2\/pages"}],"about":[{"href":"https:\/\/cptsdracenie.fr\/index.php\/wp-json\/wp\/v2\/types\/page"}],"author":[{"embeddable":true,"href":"https:\/\/cptsdracenie.fr\/index.php\/wp-json\/wp\/v2\/users\/1"}],"replies":[{"embeddable":true,"href":"https:\/\/cptsdracenie.fr\/index.php\/wp-json\/wp\/v2\/comments?post=3271"}],"version-history":[{"count":6,"href":"https:\/\/cptsdracenie.fr\/index.php\/wp-json\/wp\/v2\/pages\/3271\/revisions"}],"predecessor-version":[{"id":9394,"href":"https:\/\/cptsdracenie.fr\/index.php\/wp-json\/wp\/v2\/pages\/3271\/revisions\/9394"}],"up":[{"embeddable":true,"href":"https:\/\/cptsdracenie.fr\/index.php\/wp-json\/wp\/v2\/pages\/85"}],"wp:attachment":[{"href":"https:\/\/cptsdracenie.fr\/index.php\/wp-json\/wp\/v2\/media?parent=3271"}],"curies":[{"name":"wp","href":"https:\/\/api.w.org\/{rel}","templated":true}]}}